+ 11*o**2 + 5*o + 11. Let s be v(11). Suppose -s = m - 4*m. What is the tens digit of m?
2
Let g = 14 - 9. Suppose -g = 3*c - 32. What is the units digit of c?
9
Suppose -7*x = -1239 - 511. What is the units digit of x?
0
Let d = 40 - 24. Suppose -b = v - 8, -b + d = 3*v - 0*b. What is the units digit of v?
4
Suppose -s = -2*s + 33. What is the tens digit of s?
3
Let i = 164 + 25. What is the units digit of i?
9
Suppose 4*f + 4*d - 16 = 0, 0 = 4*f - 3*d - d + 24. Let z = 2 - f. What is the units digit of z?
3
Let b(w) = -w**3 - 6*w**2 - w - 7. Let l be b(-6). Let n be 3*(l + 0 + 2). What is the units digit of (-4)/(-10)*30/n?
4
Let u be ((-74)/(-4))/(4/(-8)). Let y = u - -52. What is the tens digit of y?
1
Suppose 4*c = -6 + 2. What is the units digit of (18 - 3) + c + 0?
4
What is the units digit of 351/12 - 5/20?
9
Let d(q) = -q**3 - 7*q**2 - 6*q + 2. Let g be d(-6). Suppose 0*u + 6 = g*u. What is the units digit of u?
3
Let f(a) = 8*a**2 + 2*a - 1. Let s(n) = n + 5. Let l be s(-3). What is the tens digit of f(l)?
3
What is the units digit of -16*((-16)/4)/2?
2
Suppose -s = -94 - 30. What is the tens digit of s?
2
Suppose -32 + 264 = r + q, -3*r = -5*q - 704. What is the tens digit of r?
3
What is the units digit of 46*(24/(-12) + 4*1)?
2
Suppose 21 = 3*r - 0*r - 3*x, 5*r = -x + 5. What is the units digit of (-1)/(r/(2*-14))?
4
Suppose -2*u - 5*j + 2 = -4*u, 0 = 2*u + 5*j + 42. Let n(k) = -k**2 + 1. Let m be n(-2). What is the units digit of u/m*3 + 0?
1
Let j = 45 + -42. What is the units digit of j?
3
Suppose 17 = 4*p - p + 4*v, -2*v = -4*p + 30. Let o(h) = -h**2 + 9*h + 7. What is the tens digit of o(p)?
2
Let d be 84/35 + 4/(-10). Let x(h) = -6*h + d*h + 5*h. What is the units digit of x(6)?
6
Suppose 0*b - 4*b - 4*c = 56, 2*c + 18 = -b. Let a = -7 - b. What is the units digit of a?
3
Suppose -3*q + 4*a = -11 - 43, 0 = -3*a - 9. What is the tens digit of -32*(q/(-4) - -3)?
1
Let a = -1 - 5. Let c be (-4 + (-72)/(-20))*5. What is the units digit of -3 + 2 - c - a?
7
Let k = 210 + 137. What is the hundreds digit of k?
3
Suppose 2*w + 162 = -0*y - 4*y, 3*y = 5*w - 89. Let x = 64 + y. What is the tens digit of x?
2
Let p be ((1 - 1)/4)/1. Suppose -y - 2*y + 144 = 2*i, -3*y - 5*i + 135 = p. What is the units digit of y?
0
Let w be 2*(1 + 0 + 0). Suppose 0*y + w = y. What is the units digit of y?
2
Let o(q) be the third derivative of q**5/60 - q**4/24 - q**3/3 + q**2. Let h = 9 - 6. What is the units digit of o(h)?
4
Let y = 13 + -9. Suppose -p = 3*q - 32, 0*p = p - 4*q - y. What is the tens digit of p?
2
Suppose 3*y - 18 = -6. Let o = y + -4. Suppose o*u = 5*u - 15. What is the units digit of u?
3
Suppose 0 = -j + 14 - 5. Let l be (-3)/j - 14/(-6). Suppose -3 - l = -i. What is the units digit of i?
5
Let i(x) = -x + 11. Let m be i(8). Suppose -v - m*v = -56. What is the units digit of v?
4
Let o = -348 - -643. What is the tens digit of o?
9
Suppose 5*t = 3*t - 4. Let m be (3 + t)/(2/6). Suppose 2 + m = 5*x. What is the units digit of x?
1
Suppose 0 = -5*p + 300 + 200. What is the tens digit of p?
0
Suppose -44 = -3*m + 4. What is the tens digit of m?
1
Let n = 68 + 17. What is the tens digit of n?
8
Suppose -34*g + 176 = -30*g. What is the tens digit of g?
4
Let x(c) = -c**3 + 6*c**2 - 3*c + 1. What is the tens digit of x(5)?
1
What is the units digit of (-5960)/(-70) - (-2)/(-14)?
5
Let b = 141 + -86. What is the tens digit of b?
5
Let o be (-1)/(2/20*2). Let q = -2 + o. What is the tens digit of (-2)/q + 702/42?
1
Let x(j) be the first derivative of j**4/4 + 8*j**3/3 - 5*j**2 - 4*j + 2. What is the units digit of x(-9)?
5
Suppose 4*o = -4*h + 76 + 72, 4*o - 175 = 5*h. What is the units digit of o?
0
Let y be (2 - -2)*22/8. What is the units digit of 6/33 - (-9)/y?
1
Let g be 0 - -2*(-1)/(-1). Suppose g*o + 13 = o - 5*i, 4*i + 16 = 0. What is the units digit of o?
7
Let n(i) = -i**2 - 5*i + 3. Let v be n(-5). Suppose 4*z = 3*d - 56, v*z - 24 = -4*d + 34. What is the units digit of d?
6
What is the tens digit of (-5)/((-45)/2793) + 2/(-6)?
1
What is the units digit of (4 - 6/3)/2?
1
What is the units digit of ((-6)/(-2) - -1) + 37?
1
Let f(m) = m**2 - 5*m - 1. Let h be f(4). Suppose 3*t - 5*b - 24 = -2, 6 = t - 3*b. Let c = h + t. What is the units digit of c?
4
Let a(q) = -q**2 + 1. Let d(y) = 7*y**2 - 7*y. Let p = 8 + -14. Let m(c) = p*a(c) - d(c). What is the units digit of m(5)?
4
Suppose -5*n + 1388 = -n + 4*p, -4*n + 1376 = p. What is the hundreds digit of n?
3
Suppose -d - 2*d - 7 = x, -x + 1 = d. Suppose 0*b - 2*b = -i + 3, 1 = -4*i - x*b. What is the units digit of i?
1
Suppose -2*f + 4*u + 82 = -0*f, 0 = -3*f - u + 102. What is the tens digit of f?
3
Suppose 4*c - 5*i - 160 = 0, -2*c + 2*i + 80 = i. What is the units digit of c?
0
Suppose 3*n - l + 2 = 12, 3*n + 6 = -3*l. Let o be ((-2)/6)/((-5)/240). Suppose 3*g - o = n. What is the units digit of g?
6
Suppose -3*l + 5*l = 0. Suppose l = 6*c - 12 - 126. What is the units digit of c?
3
Let m = 262 + 28. Suppose 4*o + o - 4*w - m = 0, -4*o = -5*w - 241. What is the tens digit of o?
5
Suppose -6*j + 92 = -4*j. What is the units digit of j?
6
Suppose -4*y - 2*b + 171 = 3*b, -131 = -3*y - b. What is the tens digit of y?
4
Suppose -4*a = 2*o - 76, -a = 2*a + 3. What is the tens digit of o?
4
Let k(g) = -g**3 + 13*g**2 - 5*g - 26. What is the units digit of k(11)?
1
Suppose 2*n = 7*n - 335. Suppose 0 = -2*x + n + 5. Let i = x + -21. What is the tens digit of i?
1
Let v(l) = -2*l - 1. Let r be v(-5). Suppose 3*s = 21 - r. What is the units digit of s?
4
Let b be (-1)/(1/(-3*1)). Suppose -b*x - 20 - 4 = 0. What is the units digit of (28/(-6))/(x/12)?
7
Let c(t) = -t**2 + 9*t - 7. Let a be c(9). Let n = 11 + a. Suppose 5*y - 15 = -3*g, -n*g = -y + 4*y - 31. What is the units digit of g?
0
Suppose 621 = 3*v - 5*f, -51 = -v + 2*f + 155. What is the tens digit of v?
1
Let l(k) = 4*k - k - 3 - 4*k. Suppose 0 = 5*t - 3*n + 29, 2*n + 19 = -3*t + 3*n. What is the units digit of l(t)?
4
Let l be (-5)/10*14*1. What is the units digit of 2/l + 172/14?
2
Let b be (-3)/(6/16) + 1. Suppose -t = 3*j + 40, -3*t + 6 = -3*j - 18. Let q = b - j. What is the units digit of q?
5
Let v(n) = 15*n**2 + n + 6. What is the hundreds digit of v(5)?
3
Let a = 160 + -100. What is the tens digit of a?
6
Let f(c) = 14*c - 9. Let s(z) = -z**2 - z + 1. Let p(q) = f(q) + s(q). What is the units digit of p(6)?
4
Let o(j) = j. Let x(b) = 3*b - 2. Let g(t) = 4*o(t) - x(t). What is the units digit of g(9)?
1
Let m(j) = 4*j + 1 + 3*j**2 - 3*j**3 + 3 + 2*j**3. Let f be m(4). Suppose b - f = 2. What is the units digit of b?
6
Let d = 11 + -7. Suppose -a - r - 9 = -d*r, -r + 11 = a. What is the units digit of a + 2/3*-3?
4
Let o(t) = 14*t**2 + 5*t. Let p(k) = -209*k**2 - 76*k. Let v(b) = 76*o(b) + 5*p(b). What is the units digit of v(1)?
9
Let w(g) = 8*g**2 + 10*g - 2. What is the hundreds digit of w(-5)?
1
What is the tens digit of 15*((-297)/(-15))/3?
9
Let f(g) = g**2 + 8*g. What is the units digit of f(6)?
4
Let g(o) = 13*o**2 - 11 + o**3 - 12*o + 0*o**3 - 3*o**2 - o. What is the units digit of g(-11)?
1
What is the tens digit of 2 + -5 + 113 + -1?
0
Let p be ((-4)/5)/(6/(-45)). Suppose -5*c = d - 7, -2*d - 2*d = -2*c - p. Suppose 5*u - 23 = d*q, -3*u - 4*q - 11 = q. What is the units digit of u?
3
Let q(p) = -p**3 + 7*p**2 + p - 7. Let s be q(7). Suppose -2*a + 3*w - 7 = 0, -5 = -5*w - s. Let y = 1 - a. What is the units digit of y?
3
Suppose t + 4 - 2 = 0, 2*p - 66 = -4*t. What is the units digit of p?
7
Let t(p) = p**2 - 13*p + 10. Let o be t(10). What is the units digit of o/15*(-9)/2?
6
Let x = 41 + -22. Let y = 38 - x. What is the tens digit of y?
1
Let d(y) = y**2 + y - 3. Let n be d(-5). Suppose 2 = -v + n. What is the units digit of v?
5
Suppose 3*y - 16 = 4*n - 0*n, 2*y = 3*n + 9. What is the tens digit of y?
1
Suppose -44 - 8 = 4*w. Suppose 0 = -3*g - 2*g + 5*u + 80, -4*g + 79 = -u. Let i = g + w. What is the units digit of i?
8
Suppose 0 = 3*d - 29 - 232. What is the units digit of d?
7
Let c(s) be the second derivative of 2/3*s**3 + 0 + 1/12*s**4 - 5/2*s**2 - s. What is the tens digit of c(-7)?
1
Let y = 29 + -21. What is the units digit of (-135)/(-12) - 2/y?
1
Let c = 38 - -1. Let n = c + -12. What is the ten